{"id":11308,"date":"2024-06-10T14:57:54","date_gmt":"2024-06-10T14:57:54","guid":{"rendered":"https:\/\/globalhoneystars.com\/liha2024\/product\/miel-el-ramayal\/"},"modified":"2024-06-10T15:41:05","modified_gmt":"2024-06-10T15:41:05","slug":"miel-el-ramayal","status":"publish","type":"product","link":"https:\/\/globalhoneystars.com\/liha2024\/product\/miel-el-ramayal\/","title":{"rendered":"Miel El Ramayal"},"content":{"rendered":"<p>Ap\u00edcola El Ramayal<\/p>\n<p>Empresa familiar dedicada a la producci\u00f3n de mieles y productos de la colmena de alta calidad en la comarca de El Bierzo y los montes de Le\u00f3n. Nuestras instalaciones se encuentran asentadas en uno de los municipios m\u00e1s id\u00edlicos de la comarca berciana, Molinaseca. La apuesta es ofrecer un producto tradicional, que re\u00fana las caracter\u00edsticas de las mieles de antes y para ello mantenemos los procesos tecnol\u00f3gicos que se aplicaron siempre. Extracci\u00f3n en fr\u00edo, ausencia de filtrados y una maduraci\u00f3n larga. El resultado es una gama de mieles crudas de alta calidad que mantienen todas las propiedades de la miel tal y como la hac\u00edan nuestros abuelos. Tradici\u00f3n y pasi\u00f3n se unenn para ofrecer la esencia de un paisaje en forma de miel. Productos que ofrecemos: Miel de Roble, Miel de Brezo, Miel de Casta\u00f1o, Miel de Flores, Miel de bosque y monta\u00f1a, Mieles crema, Prop\u00f3leos y ceras y material vivo (N\u00facleos y Abejas Reinas)<\/p>\n","protected":false},"excerpt":{"rendered":"<p>Empresa familiar dedicada a la producci\u00f3n de mieles y productos de la colmena de alta calidad en la comarca de El Bierzo y los montes de Le\u00f3n. Nuestras instalaciones se encuentran asentadas en uno de los municipios m\u00e1s id\u00edlicos de la comarca berciana, Molinaseca. La apuesta es ofrecer un producto tradicional, que re\u00fana las caracter\u00edsticas de las mieles de antes y para ello mantenemos los procesos tecnol\u00f3gicos que se aplicaron siempre. Extracci\u00f3n en fr\u00edo, ausencia de filtrados y una maduraci\u00f3n larga. El resultado es una gama de mieles crudas de alta calidad que mantienen todas las propiedades de la miel tal y como la hac\u00edan nuestros abuelos. Tradici\u00f3n y pasi\u00f3n se unenn para ofrecer la esencia de un paisaje en forma de miel. Productos que ofrecemos: Miel de Roble, Miel de Brezo, Miel de Casta\u00f1o, Miel de Flores, Miel de bosque y monta\u00f1a, Mieles crema, Prop\u00f3leos y ceras y material vivo (N\u00facleos y Abejas Reinas)<\/p>\n","protected":false},"featured_media":11830,"template":"","meta":{"_acf_changed":false,"_seopress_robots_primary_cat":"none","_seopress_titles_title":"","_seopress_titles_desc":"","_seopress_robots_index":""},"product_brand":[],"product_cat":[437],"product_tag":[1019],"class_list":{"0":"post-11308","1":"product","2":"type-product","3":"status-publish","4":"has-post-thumbnail","6":"product_cat-quality","7":"product_tag-spain","8":"pa_award-gold","9":"pa_competitioncategory-quality","10":"pa_country-spain","11":"pa_variety-bosque","13":"first","14":"instock","15":"product-type-simple"},"acf":[],"_links":{"self":[{"href":"https:\/\/globalhoneystars.com\/liha2024\/wp-json\/wp\/v2\/product\/11308","targetHints":{"allow":["GET"]}}],"collection":[{"href":"https:\/\/globalhoneystars.com\/liha2024\/wp-json\/wp\/v2\/product"}],"about":[{"href":"https:\/\/globalhoneystars.com\/liha2024\/wp-json\/wp\/v2\/types\/product"}],"version-history":[{"count":1,"href":"https:\/\/globalhoneystars.com\/liha2024\/wp-json\/wp\/v2\/product\/11308\/revisions"}],"predecessor-version":[{"id":11309,"href":"https:\/\/globalhoneystars.com\/liha2024\/wp-json\/wp\/v2\/product\/11308\/revisions\/11309"}],"wp:featuredmedia":[{"embeddable":true,"href":"https:\/\/globalhoneystars.com\/liha2024\/wp-json\/wp\/v2\/media\/11830"}],"wp:attachment":[{"href":"https:\/\/globalhoneystars.com\/liha2024\/wp-json\/wp\/v2\/media?parent=11308"}],"wp:term":[{"taxonomy":"product_brand","embeddable":true,"href":"https:\/\/globalhoneystars.com\/liha2024\/wp-json\/wp\/v2\/product_brand?post=11308"},{"taxonomy":"product_cat","embeddable":true,"href":"https:\/\/globalhoneystars.com\/liha2024\/wp-json\/wp\/v2\/product_cat?post=11308"},{"taxonomy":"product_tag","embeddable":true,"href":"https:\/\/globalhoneystars.com\/liha2024\/wp-json\/wp\/v2\/product_tag?post=11308"}],"curies":[{"name":"wp","href":"https:\/\/api.w.org\/{rel}","templated":true}]}}