{"id":12938,"date":"2025-02-13T16:27:37","date_gmt":"2025-02-13T16:27:37","guid":{"rendered":"https:\/\/globalhoneystars.com\/piha2025\/product\/senorio-de-molina\/"},"modified":"2025-02-13T16:27:42","modified_gmt":"2025-02-13T16:27:42","slug":"senorio-de-molina","status":"publish","type":"product","link":"https:\/\/globalhoneystars.com\/piha2025\/product\/senorio-de-molina\/","title":{"rendered":"Se\u00f1or\u00edo De Molina"},"content":{"rendered":"<p>Company: Ap\u00edcola Marco SC<\/p>\n","protected":false},"excerpt":{"rendered":"<p>Company: Ap\u00edcola Marco SC<\/p>\n","protected":false},"featured_media":12940,"template":"","meta":{"_acf_changed":false,"_seopress_robots_primary_cat":"","_seopress_titles_title":"","_seopress_titles_desc":"","_seopress_robots_index":""},"product_brand":[],"product_cat":[437],"product_tag":[1218],"class_list":{"0":"post-12938","1":"product","2":"type-product","3":"status-publish","4":"has-post-thumbnail","6":"product_cat-quality","7":"product_tag-spain","8":"pa_award-gold","9":"pa_competitioncategory-quality","10":"pa_country-spain","11":"pa_variety-tomillo","13":"first","14":"instock","15":"product-type-simple"},"acf":[],"_links":{"self":[{"href":"https:\/\/globalhoneystars.com\/piha2025\/wp-json\/wp\/v2\/product\/12938","targetHints":{"allow":["GET"]}}],"collection":[{"href":"https:\/\/globalhoneystars.com\/piha2025\/wp-json\/wp\/v2\/product"}],"about":[{"href":"https:\/\/globalhoneystars.com\/piha2025\/wp-json\/wp\/v2\/types\/product"}],"version-history":[{"count":0,"href":"https:\/\/globalhoneystars.com\/piha2025\/wp-json\/wp\/v2\/product\/12938\/revisions"}],"wp:featuredmedia":[{"embeddable":true,"href":"https:\/\/globalhoneystars.com\/piha2025\/wp-json\/wp\/v2\/media\/12940"}],"wp:attachment":[{"href":"https:\/\/globalhoneystars.com\/piha2025\/wp-json\/wp\/v2\/media?parent=12938"}],"wp:term":[{"taxonomy":"product_brand","embeddable":true,"href":"https:\/\/globalhoneystars.com\/piha2025\/wp-json\/wp\/v2\/product_brand?post=12938"},{"taxonomy":"product_cat","embeddable":true,"href":"https:\/\/globalhoneystars.com\/piha2025\/wp-json\/wp\/v2\/product_cat?post=12938"},{"taxonomy":"product_tag","embeddable":true,"href":"https:\/\/globalhoneystars.com\/piha2025\/wp-json\/wp\/v2\/product_tag?post=12938"}],"curies":[{"name":"wp","href":"https:\/\/api.w.org\/{rel}","templated":true}]}}